-7a1 (base 11) in base 3?
-1022111
What is -11443 (base 5) in base 6?
-4013
What is -1aac (base 14) in base 16?
-12f8
16353 (base 7) to base 6
33300
41240 (base 6) to base 2
1010101111000
Convert -300020 (base 4) to base 6.
-22132
What is -3242 (base 5) in base 7?
-1206
What is -15725 (base 10) in base 14?
-5a33
Convert 1001333 (base 4) to base 16.
107f
792 (base 16) to base 4
132102
1001 (base 16) to base 8
10001
Convert 116 (base 7) to base 4.
332
Convert 4175 (base 10) to base 6.
31155
What is -605 (base 7) in base 16?
-12b
Convert -17140 (base 8) to base 12.
-4600
What is 463b (base 15) in base 5?
434111
Convert -4118 (base 9) to base 16.
-bc6
Convert 10100011100 (base 2) to base 16.
51c
Convert 24658 (base 9) to base 3.
211201222
Convert 11230 (base 5) to base 6.
3435
-1443 (base 6) to base 3
-112100
Convert -279 (base 13) to base 15.
-1e3
-5193 (base 12) to base 14
-3355
-17550 (base 9) to base 16
-2f52
1000000101100 (base 2) to base 5
113030
What is -102124 (base 6) in base 7?
-33040
Convert -144150 (base 8) to base 9.
-77334
c2 (base 14) to base 15
b5
-3758 (base 9) to base 16
-af7
4862 (base 15) to base 10
15392
-3b (base 15) to base 12
-48
Convert 542 (base 11) to base 14.
347
13304 (base 6) to base 5
31211
232144 (base 5) to base 11
6369
What is -1665 (base 7) in base 5?
-10214
Convert -10221 (base 3) to base 10.
-106
Convert 110101101011000 (base 2) to base 8.
65530
Convert 100113 (base 5) to base 4.
301112
-123 (base 9) to base 15
-6c
-10721 (base 9) to base 4
-1233223
What is a51 (base 15) in base 6?
14434
192 (base 16) to base 13
24c
103 (base 16) to base 7
520
Convert -1100012 (base 3) to base 9.
-1305
Convert -11da (base 16) to base 3.
-20021021
Convert -145 (base 14) to base 4.
-10001
-14214 (base 7) to base 16
-f2a
-8b3b (base 15) to base 9
-44452
Convert 1c9a (base 13) to base 15.
1452
Convert 6481 (base 9) to base 11.
3648
19501 (base 13) to base 5
3033210
-1031 (base 7) to base 4
-11231
110010001001 (base 2) to base 15
e3e
51d3 (base 15) to base 7
101301
What is 548 (base 9) in base 4?
13001
What is 223 (base 15) in base 10?
483
142 (base 7) to base 4
1033
Convert -10520 (base 6) to base 11.
-1133
What is 6559 (base 13) in base 10?
14101
Convert -1465 (base 11) to base 5.
-30021
-399 (base 13) to base 14
-333
What is -30431 (base 6) in base 10?
-4051
Convert -362 (base 11) to base 4.
-12233
Convert -6b3a (base 12) to base 3.
-121110101
Convert -4312 (base 5) to base 15.
-28c
What is 2679 (base 11) in base 2?
110110010010
-10020 (base 5) to base 8
-1173
Convert -12011 (base 7) to base 14.
-11b1
-46c (base 16) to base 9
-1487
1609 (base 16) to base 12
3321
-314 (base 9) to base 3
-100111
1120 (base 4) to base 3
10021
Convert -415b (base 16) to base 7.
-66531
Convert 16c (base 15) to base 16.
147
472 (base 13) to base 15
364
What is -4c1 (base 16) in base 13?
-728
What is -10113 (base 5) in base 10?
-658
1631 (base 12) to base 10
2629
Convert 1b3 (base 14) to base 10.
353
What is -921 (base 15) in base 10?
-2056
What is 5458 (base 14) in base 12?
8532
What is -1121110 (base 3) in base 16?
-495
Convert 1550 (base 10) to base 16.
60e
What is -1000001 (base 2) in base 13?
-50
What is 2102201 (base 3) in base 14?
90a
What is -3a12 (base 11) in base 6?
-40052
Convert 656 (base 15) to base 10.
1431
-2232 (base 10) to base 11
-174a
1023 (base 5) to base 13
a8
Convert -1a54 (base 11) to base 8.
-5050
Convert 7666 (base 10) to base 15.
2411
What is 3099 (base 11) in base 4?
1000011
What is -807 (base 9) in base 10?
-655
What is -145100 (base 7) in base 2?
-110111000001111
101 (base 16) to base 2
100000001
What is -126200 (base 7) in base 3?
-1012121012
Convert -9822 (base 11) to base 14.
-4a27
2212323 (base 4) to base 6
121243
11020001 (base 3) to base 13
152b
Convert 29dc (base 14) to base 8.
16426
What is -34 (base 14) in base 5?
-141
15a6a (base 11) to base 8
54066
Convert -5241 (base 7) to base 15.
-82c
Convert -2257 (base 9) to base 5.
-23142
11220122 (base 3) to base 9
4818
What is 1201001 (base 3) in base 6?
5431
What is -45c (base 13) in base 5?
-11003
Convert -239 (base 16) to base 9.
-702
Convert 2443 (base 6) to base 10.
603
What is 337 (base 10) in base 7?
661
Convert 202212 (base 3) to base 14.
2c3
-4878 (base 12) to base 5
-230111
Convert 1563 (base 14) to base 3.
12020011
11112223 (base 4) to base 13
9ca0
86 (base 9) to base 8
116
What is 152255 (base 6) in base 3?
202021222
What is -121020 (base 4) in base 8?
-3110
-342 (base 8) to base 4
-3202
Convert 501050 (base 6) to base 7.
222033
Convert 5500 (base 8) to base 14.
109a
-1b40 (base 15) to base 2
-1011100010110
What is -203 (base 10) in base 15?
-d8
-19b59 (base 12) to base 16
-9435
Convert 23221 (base 5) to base 10.
1686
-61161 (base 7) to base 3
-202100200
-287 (base 10) to base 6
-1155
What is -11111001011 (base 2) in base 5?
-30440
10121110 (base 3) to base 10
2631
What is -10302 (base 6) in base 15?
-63b
Convert 11000 (base 2) to base 6.
40
-3276 (base 8) to base 15
-7a1
What is 32315 (base 8) in base 13?
61ca
What is -634 (base 11) in base 9?
-1037
What is 5104 (base 6) in base 13?
682
Convert -10323 (base 5) to base 12.
-4b5
Convert -548 (base 14) to base 3.
-1102200
-111001100 (base 3) to base 8
-22451
What is -11101010111 (base 2) in base 4?
-131113
What is -12836 (base 10) in base 6?
-135232
Convert -1356 (base 7) to base 4.
-20103
Convert 13734 (base 13) to base 3.
1211220100
205a (base 11) to base 14
dcb
12111123 (base 4) to base 14
9655
111010 (base 2) to base 12
4a
What is 23020 (base 4) in base 10?
712
What is 2252 (base 12) in base 11?
2950
What is 734 (base 11) in base 8?
1564
What is 1705 (base 8) in base 7?
2546
Convert 6b35 (base 12) to base 7.
46652
-7414 (base 9) to base 5
-133230
Convert 4614 (base 15) to base 9.
22351
25278 (base 10) to base 4
12022332
What is -207 (base 12) in base 6?
-1211
-100033 (base 4) to base 12
-727
What is -1546 (base 10) in base 3?
-2010021
Convert 100100 (base 2) to base 14.
28
12210 (base 5) to base 13
567
-1333 (base 6) to base 10
-345
Convert 8944 (base 14) to base 5.
1230101
Convert -253a (base 11) to base 16.
-cee
What is -5483 (base 16) in base 9?
-32608
What is -645 (base 8) in base 12?
-2b1
What is 403344 (base 6) in base 3?
1121202001
What is -d2 (base 14) in base 15?
-c4
1320 (base 5) to base 10
210
What is 2bb (base 13) in base 11?
408
39a (base 13) to base 2
1001111010
-66d (base 16) to base 2
-11001101101
-100000101011 (base 2) to base 3
-2212110
7ce (base 16) to base 11
1557
Convert -1212212102 (base 3) to base 15.
-aec2
196 (base 11) to base 9
271
-7348 (base 16) to base 2
-111001101001000
5043 (base 6) to base 8
2123
-1111011 (base 2) to base 15
-83
Convert -10010001 (base 2) to base 13.
-b2
What is -103 (base 7) in base 16?
-34
What is -268 (base 10) in base 5?
-2033
211200200 (base 3) to base 14
6058
Convert 3640 (base 8) to base 7.
5456
-12210 (base 13) to base 14
-c1d0
What is 26363 (base 9) in base 13?
813c
-31210 (base 4) to base 13
-51a
Convert 10120 (base 5) to base 11.
550
Convert 1100100111 (base 2) to base 3.
1002220
What is -4304 (base 5) in base 14?
-2d5
233232 (base 7) to base 6
522143
Convert 10406 (base 7) to base 14.
d3d
Convert -364 (base 15) to base 14.
-3cd
Convert -3672 (base 8) to base 3.
-2201021
What is 9843 (base 14) in base 13?
bc9b
What is 2313003 (base 4) in base 10?
11715
What is 41e (base 16) in base 8?
2036
Convert -2536 (base 7) to base 8.
-1676
What is 425 (base 8) in base 9?
337
What is 112003331 (base 4) in base 12?
44365
-1012001 (base 3) to base 12
-601
Convert -101000010 (base 2) to base 9.
-387
-3901 (base 14) to base 12
-5951
Convert 45300 (base 8) to base 11.
13417
Convert -52113 (base 11) to base 15.
-177bc
What is 1403 (base 6) in base 10?
363
15a9 (base 15) to base 13
2175
What is -1110 (base 3) in base 6?
-103
Convert 10212130 (base 4) to base 14.
6c20
What is -e47 (base 15) in base 8?
-6221
Convert -1721 (base 9) to base 4.
-110203
-6378 (base 11) to base 4
-2003302
What is 36340 (base 9) in base 10?
24336
What is 5ecd (base 15) in base 8?
47372
Convert -98 (base 12) to base 14.
-84
What is -43305 (base 8) in base 14?
-6861
-12010 (base 4) to base 10
-388
Convert -110110010001 (base 2) to base 14.
-13a1
Convert -224 (base 14) to base 16.
-1a8
Conve